*d - 2 = -8. Suppose 93 = 3*c + 3*k, -4*k - 40 = -c - 8*k. Let n = c + s. What is the tens digit of n?
4
Let h = 243 + -240. Suppose 7*o - 10*o + 986 = r, h*o = r + 994. What is the hundreds digit of o?
3
What is the tens digit of 1281 + -48 - (4 - (0 - -3))?
3
Suppose -5*h - 691 = -3*c, 135*h = -c + 137*h + 229. Let s = 159 + -282. Let g = c + s. What is the units digit of g?
4
Let s be ((-6)/25)/((-8)/20)*5. Let n(t) = 3*t - 5. Let v be n(s). Suppose 7*h - v*h = 5*g + 506, 2*h = -4*g + 374. What is the hundreds digit of h?
1
Let k(o) be the second derivative of o**4/6 + o**3 - 127*o**2/2 - 32*o. What is the tens digit of k(15)?
1
Let f(g) = -7*g**3 - 9*g**2 - 3. Let n(p) = p**3 + p**2 + 1. Let i(z) = -f(z) - 6*n(z). Let l be i(0). What is the units digit of 2*l/15 - 1092/(-5)?
8
Let p = 6011 + 36623. What is the tens digit of p?
3
Let q = 4607 + -1169. What is the tens digit of q?
3
Let t(w) = -w**3 - 5*w**2 + 5*w + 13. Let b be t(-5). What is the tens digit of ((-82)/(-6))/((-2)/b)?
8
Suppose -124 = -4*b - 84. Suppose 12*q - 316 = b*q. Let l = q - -127. What is the hundreds digit of l?
2
Let m = 0 + -10. Let r(q) = 21*q + 31. Let b(g) = -60*g - 95. Let t(h) = 3*b(h) + 8*r(h). What is the tens digit of t(m)?
8
Suppose 4*g = -4*s + 33 + 11, 0 = -2*g + 4*s + 10. Let z(r) = r**2 - r + 28. What is the hundreds digit of z(g)?
1
Suppose -27*p - 16*p - 25*p + 610708 = 0. What is the tens digit of p?
8
Let i = -197 + 368. Suppose -919 = -5*u + l, -2*l = -u - 5*l + i. What is the units digit of u?
3
Let p(u) = -2*u**3 - 5*u**2 - 2*u - 4. Let q be p(5). Let g = -191 - q. Let l = 282 - g. What is the units digit of l?
4
Let y = 182 - 97. Let q be 1/(-2 + 165/y). Let o = q + 155. What is the hundreds digit of o?
1
Let b = -9 - -17. Let u(n) = n**3 + 2*n**2 - 2*n + 19. Let x be u(b). Suppose x + 785 = 6*m. What is the units digit of m?
8
Let p(l) = 4*l**2 + 590*l - 345. What is the units digit of p(-151)?
9
Suppose 3*k - 4*z = -5*z + 28, -z - 12 = -k. Suppose k*i - 25947 = -17*i. What is the tens digit of i?
6
Let g = -3187 + 5080. Suppose g = 40*l - 39*l. What is the tens digit of l?
9
Suppose -28514 = -5*p + 5*r - 8*r, p - 5714 = 5*r. What is the thousands digit of p?
5
Suppose 5*o = 20, -3*i + 4*o = 6*o - 14. Let h(r) = -r**i + 6 + 6 + 13 + 20*r + 2. What is the units digit of h(17)?
8
Suppose -187*i = -113641 - 31471. What is the hundreds digit of i?
7
Let g(s) = -s + 1. Let n be (-4)/(-12) - 4/(-6). Let j(m) = 3*m**2 - 7*m + 13. Let f(t) = n*j(t) - 3*g(t). What is the units digit of f(-3)?
9
Suppose 3*o + 2250 = 4*a + 915, -2*o = a - 331. Let q = a - -133. What is the tens digit of q?
6
Let r(y) = y**3 - y**2 + 136. Let b = 89 + -114. Let x be (-6)/15 + (-10)/b. What is the tens digit of r(x)?
3
Let v be 15/(-90) + (-3)/(-18). Suppose v = 5*a + 2*b - 3329, a + 679 = 2*a - 4*b. What is the tens digit of a?
6
Suppose -23*r - 21*r = -128788. What is the thousands digit of r?
2
Let m(r) = 2*r**2 + 11*r + 7. Suppose -11 = p - 3. Let w be m(p). Suppose -h - 2*h - 5*s = -w, 0 = 5*h - s - 97. What is the tens digit of h?
1
Suppose 5*w = 2*n - 3*n + 3958, 2*w - n = 1586. Let c = w - 316. What is the hundreds digit of c?
4
Suppose -6*q - 4*y + 180711 = -80937, 0 = 4*q - y - 174432. What is the tens digit of q?
0
Suppose -4*i + 33 = -3*d, 2*d + 4*i - 4 + 6 = 0. Let g = 131 + -48. Let r = g + d. What is the units digit of r?
6
Let b(k) = 7*k**3 + 21*k**2 - 27*k + 71. What is the hundreds digit of b(8)?
7
Let f(r) = 3*r**2 + r + 8. Let p be 10*(20/(-8) + 2). Let o be f(p). Let q = 3 + o. What is the units digit of q?
1
Suppose 10*h = 14228 + 13682. Let l = -1856 + h. Suppose c = -5*q + 935, -5*c + c = -5*q + l. What is the hundreds digit of q?
1
Let r be 2*(0 + 1)/(-1 + 2). Suppose -4*g = 3*j - 173, r*g - 4*g = j - 89. Suppose 4*f - g = -0*o - 3*o, 5*f = 4*o - 104. What is the units digit of o?
1
Let z(y) = -63*y + 28. Let b be z(-4). Suppose 0 = 3*k + o - b, -2*o = -2*k + 156 + 36. What is the tens digit of k?
9
Suppose 4*f - 14*v - 76263 = -15*v, -2*f - 5*v + 38127 = 0. What is the tens digit of f?
6
Let t be (12/16 - 0)*4. Suppose 5*x - 78 = -t*k - 362, -2*x = 4*k + 122. Let u = 150 - x. What is the hundreds digit of u?
2
Let l be 2 - 1 - (-3 + 1). Let b be (l - 4)*(2/(-2) + -169). Suppose -4*f + b + 150 = 0. What is the units digit of f?
0
Let i(r) = r**3 - 5*r**2 - r + 9. Let l be i(5). Suppose -3*f - l*g = -118, 5 = -g + 6*g. What is the tens digit of f?
3
Let u(f) = -4*f**3 + 4*f**2 + 12*f + 5. Let h be u(-5). Let a = h - 179. What is the tens digit of a?
6
Suppose 0 = 11*f - 232 + 89. What is the hundreds digit of (25116/7)/f*(-10)/(-4)?
6
Suppose -45*u = -54*u. Let l(i) = -10*i**3 + 2*i**2 - 5*i - 3. Let c be l(-3). Suppose u = 2*v - 7*v + c. What is the units digit of v?
0
Let a = 674 + -689. What is the units digit of a/(-6)*(-21648)/(-60)?
2
Let b be (3 - 33/9)/((-2)/75). Suppose 507 + b = 4*r. Suppose -2*f - 5*d + r = 0, 4*d - 77 = 4*f - 273. What is the tens digit of f?
5
Suppose 4*a + 7*a - 14344 = 0. What is the hundreds digit of a*(-6)/(-36) - 3/9?
2
What is the tens digit of (42522/(-1492))/(2*(-2)/6856)?
4
Suppose 3313 = 56*m - 53*m - 13820. What is the thousands digit of m?
5
Let j = 521 + -225. Suppose 0 = -8*b + 4*b + j. Let h = -6 + b. What is the tens digit of h?
6
Let f be (3 + -8 - -9) + -2857. Let t = f + 4049. What is the hundreds digit of t?
1
Suppose 0 = -13*x + 8*x - 375. Let a = -92 + 319. Let k = x + a. What is the units digit of k?
2
What is the units digit of -6 - (130/(-13) - 63048/4)?
6
Let r(a) = 6*a**2 - 18*a - 15. Let n(p) = -p**2 + 25*p + 30. Let y be n(26). Suppose -y*x = 8*x - 96. What is the units digit of r(x)?
5
Suppose 5625*n + 1698003 = 5706*n. What is the thousands digit of n?
0
Suppose -155 = -13*m - 90. Suppose 5*n - m*j - 1225 = 0, -n - 5*j = -2*j - 233. What is the tens digit of n?
4
Suppose -8*h + 35*h = 117180. Suppose -3463 = -4*t + l, 0 = 5*t - 5*l + 6*l - h. What is the tens digit of t?
6
Let a(g) = g**3 + 17*g**2 + 39*g - 42. Let r be a(-14). Suppose 4*j + 5 = 5*j. Suppose r = 2*u + j*u - 742. What is the units digit of u?
6
What is the hundreds digit of ((-344)/129)/((-6)/2817)?
2
Let a(b) be the first derivative of b**4/4 - 7*b**3/3 + 31*b**2/2 + 8*b - 251. What is the thousands digit of a(14)?
1
Suppose 0 = -884*o + 22626957 + 3300763. What is the ten thousands digit of o?
2
Let p = 1187 + -172. Suppose -1016*k + 1438 = -p*k. What is the thousands digit of k?
1
Let q = -267 + 567. Suppose d + 2*z + 143 = 2*d, 0 = 2*d + 3*z - q. What is the units digit of d?
7
Let n = -15817 + 23195. What is the hundreds digit of n?
3
Let k(d) = -6730*d - 57. What is the tens digit of k(-2)?
0
Let o(q) = -16*q - 26. Let p be o(-4). Suppose -p*h = -h - 4033. What is the hundreds digit of h?
1
Let y = 54 + -52. Let l be (y/3 + -2)*6/(-4). Suppose 0 = 4*o + 2*r - 194, -3*o + 92 = -o + l*r. What is the tens digit of o?
5
Suppose 0 = -y + 59 - 54. Suppose -y*d = -5*q + 1640, -4*q - 3*d = -8*q + 1308. What is the hundreds digit of q?
3
Let w = 953 + -19. Suppose 15*i + 49 = w. Suppose -i = -3*x + 97. What is the tens digit of x?
5
Suppose 2*r = -3*n + 23, -5*n + 6 + 15 = -r. Suppose 3*a - 26 = 5*d, -2*d = 3*a - r*d - 32. Let v = 20 + a. What is the units digit of v?
2
Let m = 190 + -133. Suppose -m*k + 60*k - 45 = 0. What is the tens digit of (-10)/k + (-465)/(-9)?
5
Let x be 5*(-42)/35 + 153. Let f = 23 + x. What is the tens digit of f?
7
Let d be ((-3)/6 - 2/4)*-5. Suppose -d*z + 1566 - 56 = 0. What is the tens digit of z?
0
Suppose -3*f - 5*r = -15, 5*f + r + 2*r - 9 = 0. Let o be f + ((-77)/(-1) - (-15 - -12)). Suppose z - o = -0. What is the tens digit of z?
8
Suppose p + 3979 = 3*y, 97*y - 5*p + 1353 = 98*y. What is the hundreds digit of y?
3
Let o(d) be the first derivative of -2*d**3 - 4*d**2 - 6*d + 7. Let q be o(-5). Let p = 4 - q. What is the hundreds digit of p?
1
Let r be (28 - 7 - 2) + 0/1. What is the tens digit of (r/(475/(-280)))/((-1)/5)?
5
Let b(z) = z**3 - 12*z - 6. Let l be b(-3). Suppose l*x + d - 104 = 0, 4*x + 0*d + d - 138 = 0. What is the tens digit of x?
3
Let f(c) = c**2 + 14*c - 11. Let t be f(-15). Suppose 0 = -21*a + 23*a - 4. Suppose 0 = -t*i + 4*o + 232, 190 = a*i + i + o. What is the te